(d) = 5*d - 10 + 2*d**2 - 7 + c. Calculate p(-4).
17
Let m(q) = 29*q + 3. Let j(t) = -t - 1. Let i(b) = -4*j(b) - m(b). Let l(a) = -51*a + 2. Let z(k) = 7*i(k) - 4*l(k). What is z(-1)?
-30
Let n(d) = -d**3 + 5*d**2 - 3. Let q be -1 + (-30)/24*-4. Let a(c) be the first derivative of c**2 - 3*c - 1. Let g be a(q). What is n(g)?
-3
Let c = 5 + -7. Let b = 30 - 12. Let w(n) = -b*n + 6 + 24*n - 5. Calculate w(c).
-11
Let p be 3/(-6*1/(-8)). Let n(s) = -2*s + 7*s - p + 2*s - s**2 + 0*s**2. Determine n(6).
2
Let c(z) = -5*z**3 + z**2 - z - 1. Let u be c(-1). Let a(k) be the second derivative of -k**4/12 + k**3/2 + 4*k**2 - k + 8. Give a(u).
-10
Let n(j) = -2*j - j - 1 + 5*j. Let q(y) = 6*y - 4*y + 5 + y - 15. Let w be q(4). Determine n(w).
3
Let q be (-28)/12 - (-84)/36. Let g(t) be the third derivative of -1/60*t**5 + 0 - 2*t**2 + 0*t - 7/6*t**3 + 0*t**4. Calculate g(q).
-7
Let h = 1709 - 1692. Let y(j) = -2*j**2 + 34*j + 16. Calculate y(h).
16
Let x(t) = 2*t + 2. Let u be (2*(-12)/4)/1. Let o be 3*-1*u/9. Determine x(o).
6
Suppose -10*b = -0 + 40. Let u(k) = -3*k**2 - 9*k - 7. Let o(w) = -8*w**2 - 26*w - 20. Let l(x) = b*o(x) + 11*u(x). Suppose -4 = -2*f + 8. Calculate l(f).
-3
Let o(q) = -2*q**3 + 3*q**2 + 2*q. Suppose -t - 7 = -5. Determine o(t).
24
Let w(m) = m**2 + 2*m - 2. Let j(f) = 2*f**2 + 3*f - 5. Let t(g) = 2*j(g) - 5*w(g). Determine t(-5).
-5
Let t(i) = i**3 + 10*i**2 + i. Let s = -115 + 105. What is t(s)?
-10
Let z(a) = a**3 + 8*a**2 + 11*a + 5. Let h = -548 + 541. What is z(h)?
-23
Let r(o) = o - 22. Let u(g) = g**2 + 4*g + 10. Let y be u(-5). Give r(y).
-7
Suppose 3*v + 2 = -1. Let d(u) = -4*u - 2. Let c(q) = -1. Let s(m) = v*d(m) + 3*c(m). Suppose 4*a + 8 = -4*i, 2*i + 2*a = 7*i - 11. Calculate s(i).
3
Let b(g) = g**2 + 3*g - 2. Suppose -3*z = z + 3*q + 11, 5*q - 40 = 5*z. Calculate b(z).
8
Let a(n) be the second derivative of 15*n + 1/6*n**3 + 0 - 3/2*n**2. Calculate a(-3).
-6
Let q = 16 - 18. Suppose 2*y = 2*i, y + 0 + 3 = 2*i. Let j(h) = 4*h**3 - 2*h + y - h**2 - 4 - 3*h**3. Determine j(q).
-9
Let v(c) = -4*c + 5 + 2*c + c. Let a(d) = -d. Let b(t) = t. Let k(x) = 7*a(x) + 6*b(x). Let s be k(-3). Give v(s).
2
Let w(l) = -l**2 + 15*l + 1. Let i(g) = g**2 - 13*g. Let q(p) = 4*i(p) + 3*w(p). Determine q(7).
3
Suppose -13*u = 4*u - 0*u. Let f(t) = -t + 17. Give f(u).
17
Let l(z) be the first derivative of 10 + 0*z - 2/3*z**3 + 1/2*z**2. Let g be (-2)/(-10) + (-28)/(-10). What is l(g)?
-15
Let y(j) be the first derivative of 3*j**2 + 7*j - 20. Calculate y(6).
43
Let f(j) = -6 + 6*j - j**2 + j - 2*j. Suppose 4*n - 2*r - 18 = 0, 9*r = -3*n + 78 - 75. What is f(n)?
-2
Let d(i) = -5*i**2 - 2*i + 2. Suppose h + 11 - 21 = 0. Suppose -10 = -3*n + c, c + 4 = -5*n + h. Calculate d(n).
-22
Let k(f) = -f**2 + 1. Let r(v) = 4*v**2 + 2*v - 6. Let c(l) = 3*k(l) + r(l). Suppose -s = 8 - 3. Calculate c(s).
12
Let b(f) = -18*f + 14. Let w(t) = -9*t + 6. Let g(i) = 3*b(i) - 7*w(i). Suppose 3 = 5*u - 2. What is g(u)?
9
Suppose -5*d + 24 = -11. Let t(s) = -7*s**2 + 19*s - 4. Let a(g) = -11*g**2 + 29*g - 6. Let p(r) = -5*a(r) + 8*t(r). Give p(d).
-2
Let x(w) = 23*w - w**2 - 26*w + w**3 - 5*w**2 - 5 + 0*w**2. Calculate x(6).
-23
Suppose 2*w + 4*j = -0*j + 28, 0 = -2*w + 3*j + 7. Suppose w = f + 5. Let m(k) = -29*k - 6. Let n(h) = 5*h + 1. Let t(s) = -6*m(s) - 34*n(s). What is t(f)?
14
Let o = -41 + 28. Let b = 2 - o. Let i be (15/25)/((-3)/b). Let t(m) = m + 4. Calculate t(i).
1
Let n(p) = -8*p**2 + 40*p - 8. Let m(h) = 6*h**2 - 40*h + 7. Let l(z) = -5*m(z) - 4*n(z). What is l(-20)?
-3
Let o(g) = -12*g - 3053 + 3055 - g**2 - 6*g - g**2 + 11*g. Give o(-3).
5
Let j(z) = 1. Let i(n) = -n + 8. Let g(b) = -i(b) + 2*j(b). Suppose -5*q = v - 23, -2*v + q - 4 = -6. Give g(v).
-3
Let a(i) be the third derivative of -i**6/120 + i**5/10 + 5*i**3/6 - 16*i**2. Determine a(6).
5
Suppose 0 = -p - 0*p. Suppose -2*u - 2 = p, -6 = 3*c - 5*u + 31. Let v(r) = -r**2 - 15*r - 15. Let a be v(c). Let i(q) = 8*q**2 - q - 1. Calculate i(a).
8
Let v(n) be the first derivative of 5*n**2 - 3*n + 187. Determine v(-1).
-13
Let u(k) be the first derivative of k**4/4 - 2*k**3 - 4*k - 116. Calculate u(6).
-4
Suppose -3*n = -2*n. Let y(r) be the second derivative of -1/20*r**5 - r**2 + 1/12*r**4 - 48*r + 1/6*r**3 + 0. Calculate y(n).
-2
Let c(w) = 2*w**3 - 2. Let a(f) = 7*f**3 + 5*f**2 - 7*f - 15. Let i(y) = -a(y) + 3*c(y). Determine i(-6).
3
Let g(f) = 3*f**2 + f + 2. Suppose -2*p + 5*k = 1, -3*k = -3*p + 5 - 2. What is g(p)?
16
Let r(l) = 13 + l + 15 - 29 + 0. Let n be (4/6)/((-3)/9). Let t be 1*-1 + n + -1. Calculate r(t).
-5
Let c(v) = v + 1. Let l(s) = 20*s + 20. Let k(w) = -7*w - 7. Let p(x) = -14*k(x) - 5*l(x). Let f(n) = 5*c(n) + 3*p(n). Determine f(-8).
7
Let m(v) be the third derivative of 0 + 1/120*v**6 - 4*v**2 - 1/10*v**5 - 5/3*v**3 - 5/24*v**4 + 0*v. Suppose d = 4*u + 15, d + 2*d - 29 = 4*u. What is m(d)?
4
Let s(d) = -d**2 - d + 4. Let r(b) = b**2 + 2*b - 4. Let j(w) = 4*r(w) + 5*s(w). Let m be (1 - 0)/((-66)/69 - -1). Suppose -m*y = -27*y + 12. Give j(y).
4
Let w(k) = -k - 90 + 180 - 85. Suppose -1 = 3*n - 10. Suppose -2*y = -n*y. What is w(y)?
5
Suppose 3*d - 5*p = -5, -d - 2*p + 4 = 2*p. Suppose 7*z - 11*z = d. Let g(l) = 2*l**2 + z - 1 + 2 - 4*l - l**2. Determine g(3).
-2
Let v = -1712 + 1714. Let y(c) = 17*c - 1. Give y(v).
33
Let l(b) = -b**2 + 8*b - 5. Let n = 38 - 32. Suppose -2*q + n = -4. Determine l(q).
10
Let b(z) = -z**3 + 5*z**2 + 3*z + 8. Let d(q) = q**3 + 13*q**2 + 7*q + 11. Let n be d(-13). Let i be (-4)/(-14) + n/(-14). What is b(i)?
-10
Let u(p) = -15*p + p**2 + 28*p + 30 + 2*p. Determine u(-14).
16
Let b(a) = a + 2. Let g(t) = -4*t - 3. Let w(c) = b(c) + g(c). Determine w(1).
-4
Let x(c) be the first derivative of 13*c**3/3 + c + 16. Let o(f) = f + 3. Let t be o(-2). Calculate x(t).
14
Let h be (-8 + 8)/(3*1). Let q(a) = -a - 8. Let c(o) = -o - 7. Let s(l) = 5*c(l) - 4*q(l). What is s(h)?
-3
Let a(z) = z**2 + 3 + 3*z + 3*z + 3*z - 14*z + 3*z. Calculate a(4).
11
Let j be (-10 + 7)*2/6. Let b = 26 + -22. Let d(x) = -14*x**2 - b*x**3 - 2 + 2 + 15*x**2. Give d(j).
5
Let a(l) = l**2 - 3*l - 4. Let s(t) = 3 + 22*t**2 + 0*t + 2*t - 23*t**2. Let y(j) = 4*a(j) + 5*s(j). Calculate y(2).
-9
Let s be 10/(-15)*(-11)/((-22)/(-12)). Let n(p) = p**2 - 4*p + 1. Calculate n(s).
1
Let d(f) = -3 + 25*f + 5*f**2 - 2*f**2 + 26*f - 52*f - 2*f**2. Determine d(-2).
3
Let v(p) = -4*p**3 - p**2 + 4*p + 5. Let u be v(-1). Let g(t) = -3*t + 3. What is g(u)?
-9
Let b(p) = 4*p - 54*p**2 + 114*p**2 - 4*p**3 + 3*p**3 - 5 - 56*p**2. Let w(s) = 2*s - 5. Suppose -z + 17 = 3*t, -z = 4*t - 2*t - 12. Let u be w(t). Give b(u).
-10
Let f be 2/4 + (-12)/8. Let y(v) be the second derivative of 10*v**3/3 + 413*v. Give y(f).
-20
Let f(b) = b**3 - b**2 + b. Let o = 3 - 2. Let j(d) = -6*d**3 - d**2 - 4*d - 3. Suppose 0 = 11*h - 48 - 7. Let a(q) = h*f(q) + o*j(q). Determine a(-6).
-9
Suppose -o + 3 = -14. Let z(y) = -o - y - 10 - 15 + 39. Give z(3).
-6
Let z(j) = -2*j - 11. Let w = -47 - -40. Let y be z(w). Let m(o) = -o**2 + 4*o + 0*o**2 - 2*o + 1. Determine m(y).
-2
Let j(k) = -2*k - 6. Let t = -33 - -109. Let l = t + -71. What is j(l)?
-16
Let j(f) = -6 + 14 - 2 - 3 + 7*f**2 - 8*f**2. What is j(0)?
3
Let m = -7 - 120. Let s = m + 130. Let f(z) = -z**2 + 3*z + 2. Give f(s).
2
Let z(t) = -4*t - 4. Let v = 619 + -622. Determine z(v).
8
Let c(a) be the first derivative of a**7/840 - 7*a**6/360 + a**5/15 - a**4/12 - 5*a**3/3 - 8. Let l(k) be the third derivative of c(k). Give l(6).
10
Let d(k) = -2 - 7*k + 3 + 15*k. Let q = -1 - 3. Let p = 3 + q. Determine d(p).
-7
Let m(g) = -3*g + 7. Let u(i) = i + 21. Let h be u(-6). Let r = h + -15. Suppose r + 10 = 2*a. What is m(a)?
-8
Let w(f) = -f**3 + 5*f**2 + 11*f - 14. Suppose 30 = 3*p - 3*v, 5*v + 6 = -14. Determine w(p).
16
Let a(h) = h - 3. Let l(p) = -2*p + 5. Let c(f) = -5*a(f) - 2*l(f). Let n(z) = -2*z**2 - 12*z - 10. Let s be n(-4). Give c(s).
-1
Let s(f) = 4*f**2 - 3*f + 1. Let k(a) = 17*a**2 - 12*a - 11. Let p(n) = k(n) - 4*s(n). Let v = 4 - 2. Let y be 0*(v + 1 + -2). Calculate p(y).
-15
Let h be -3*(-6)/(-27)*36/24. Let g(i) be the third derivative of -i**5/30 - i**4/24 - i**3/6 - i**2. Calculate g(h).
-2
Let i = 0 + 2. Let l(b) = 0*b + 21 - b + i